 = 2*g + 13, -g + 2*n + n - 8 = 0. Suppose -5*s + 22 = -i, -2*s + 5*i = i - 16. What is the highest common factor of s and g?
1
Let c(m) = m + 5. Let t be c(4). Let f be (t/2)/(15/20). Let h(k) = 4*k - 8. Let z be h(f). What is the highest common factor of 40 and z?
8
Suppose 1188 = 28*g - 16*g. Let q(k) = k**3 + 6*k**2 - 3*k - 7. Let l be q(-6). Calculate the highest common factor of g and l.
11
Let k(g) be the first derivative of -g**2/2 + 12*g - 2. Let b be k(8). Calculate the greatest common factor of b and 32.
4
Let s be 8/12 + (-50)/(-6). Let d = 3 + 2. Let p = 4 + d. Calculate the highest common factor of p and s.
9
Let d = 62 - 38. Calculate the greatest common factor of 264 and d.
24
Let d = 7 - -15. Suppose -2*f = -4*q + 526, f + 98 - 627 = -4*q. What is the highest common factor of d and q?
22
Suppose 5*q = 25, q = -4*n + 3 + 10. What is the greatest common divisor of n and 22?
2
Let u = 85 - 17. Let q = u + -40. What is the highest common divisor of 14 and q?
14
Let o = 27 + -15. Calculate the greatest common factor of 3 and o.
3
Suppose 0 = -0*m + m - 2, 5*o - 3*m - 764 = 0. Calculate the greatest common factor of o and 14.
14
Let u be (-8 - -4)/12*-57. What is the highest common factor of 152 and u?
19
Let u be (-51)/(-2)*(-36)/27. Let s = -22 - u. Calculate the highest common factor of s and 96.
12
Suppose -2*a + 3*z = -17, 0*z + 37 = 4*a - 3*z. What is the highest common divisor of a and 15?
5
Suppose 8*k = -2*k + 120. What is the highest common divisor of 84 and k?
12
Let w be 27/(-45)*5*8/(-3). What is the greatest common factor of w and 32?
8
Suppose 83 = 25*i - 17. Let p = 43 - 15. What is the highest common divisor of i and p?
4
Let m be (0*2/(-6))/(-2). Suppose -3*b + 11 = -5*l - 0*l, 2*l - 4 = m. Calculate the greatest common divisor of 28 and b.
7
Suppose 12*g - 53 - 67 = 0. What is the greatest common factor of 130 and g?
10
Let c(q) = -q**3 + 7*q**2 + 30*q + 2. Let b be c(10). What is the highest common divisor of 22 and b?
2
Let q(y) = -y**2 + 13*y - 14. Let n be q(11). Let p be -8 + n + 29*1. Calculate the highest common factor of p and 87.
29
Let z = -42 + 82. Let x(o) = o + 7. Let g be x(-5). Suppose -u + 3 = -g. What is the highest common factor of u and z?
5
Let q be 8 + 3 + (-2 - 1). Calculate the greatest common divisor of 8 and q.
8
Suppose 3*f - 191 = -v, -131 = -4*f - 5*v + 109. Calculate the highest common divisor of f and 26.
13
Suppose 0 = -9*b + 11*b - 14. What is the greatest common divisor of b and 77?
7
Let y(u) = 2*u**2 + 10*u - 20. Let p be y(-11). What is the greatest common divisor of 32 and p?
16
Let t be (-3)/((-20)/18 + 1). Let h(g) = -2*g**2 - 22*g - 11. Let p be h(-10). What is the greatest common divisor of t and p?
9
Let x = -30 + 44. Let i = -8 - -10. Suppose -i*a - 2*a = -84. What is the highest common factor of a and x?
7
Let l = 64 - 60. Calculate the highest common divisor of 4 and l.
4
Let o be -123 + 1 + 1 + -1. Let t be (-2)/(-7) - o/14. Let r be (t - (-1)/(-1)) + 1. What is the highest common factor of r and 6?
3
Suppose v + w - 16 = 0, 0*w = w + 2. What is the greatest common divisor of v and 12?
6
Let a = -4 - -5. Let g be (-52)/(-3) - a/3. Let f = g + -10. Calculate the highest common factor of f and 35.
7
Let t(j) = j**2 - 3*j - 10. Let w(d) = -d**3 - 5*d**2 - d + 3. Let h be w(-5). Let n be t(h). Calculate the highest common factor of n and 10.
10
Let q be ((-1)/2)/(7/(-42)). Calculate the greatest common divisor of 6 and q.
3
Let p = 19 - -71. Let n(z) = -49*z + 1. Let d be n(-1). Suppose 4*m - d = -m. Calculate the highest common factor of m and p.
10
Let b = -358 - -567. Suppose -3*u = -5*l - 32, 0*u - l = u - 24. What is the highest common factor of b and u?
19
Suppose 0 = -5*s - 1 + 41. Let v = 15 - s. Let o = v + -1. Calculate the highest common factor of o and 12.
6
Suppose k = -5*v + 338 - 128, 0 = 2*v + k - 84. What is the greatest common factor of 12 and v?
6
Let b = 22 + -23. Let z(w) = -19*w - 1. Let u be z(b). What is the greatest common divisor of u and 198?
18
Suppose 122 + 103 = 5*h. What is the highest common factor of h and 9?
9
Suppose 2*v = 5*w + 54, 56 = 2*v + 2*v + 3*w. Suppose 0 = 5*q - 97 + v. Suppose 586 = 4*g - 5*x, 0 = 4*x + 8. What is the greatest common factor of q and g?
16
Let q(o) = -5*o**2. Let z be q(2). Let p = 55 + z. Calculate the highest common factor of 5 and p.
5
Let i be (-190)/(-15) - (-4)/(-6). What is the greatest common divisor of i and 3?
3
Let a = -25 - -63. Let m be (-2390)/(-25) - 6/10. Calculate the greatest common factor of a and m.
19
Let x(b) = b - 10. Let p be x(6). Let c(v) = -10*v - 10 + 10. Let q be c(p). Calculate the greatest common divisor of q and 10.
10
Suppose s - 9 = 7. What is the greatest common divisor of s and 12?
4
Suppose s = -0*s + 2. Suppose -v - 4*m + 0*m + s = 0, -2*m = -4*v + 26. Calculate the greatest common divisor of v and 12.
6
Suppose -4*m - m = -45. Let c = 222 - 123. What is the highest common divisor of c and m?
9
Let v(n) = n**3 + 13*n**2 + 12*n + 9. Let q be v(-12). Let b(u) = -8*u - 3. Let w be b(-6). Calculate the highest common factor of q and w.
9
Let x(o) = 43*o + 1. Let h be x(1). Let b = h + -17. Calculate the highest common factor of 9 and b.
9
Suppose -4*x + 0*a + 124 = 2*a, -20 = -x + 5*a. What is the highest common factor of 90 and x?
30
Let d be 4*(10/(-8) + 2). Suppose -d = 3*u, 4*u - 1 = -4*w - 5. Suppose 4*s = 8, t + w*s = -2*s + 22. What is the greatest common factor of 162 and t?
18
Let q be 1/(4/(-16)) - -3. Let p be (27/18)/(q/(-22)). Suppose 3*c = -2*c + 15. Calculate the greatest common factor of p and c.
3
Suppose -3*f + 5*f = 96. What is the greatest common factor of 6 and f?
6
Suppose 0 = -5*y + 2 + 3. Let f(a) = 5*a + 1. Let x be f(y). Suppose 6*v - 326 = -74. Calculate the greatest common factor of v and x.
6
Suppose 3*l = 3 + 18. Suppose -3*d = -j + 2*j + l, -4*j - 10 = 3*d. Let v(b) = 3*b**2 - b - 1. Let n be v(j). What is the highest common divisor of 3 and n?
3
Let j be ((-2)/5)/(11/(-55)). What is the greatest common divisor of j and 1?
1
Let w = 50 + -36. Let l = -9 - -51. What is the greatest common factor of l and w?
14
Let j = -65 - -153. Calculate the highest common factor of j and 11.
11
Suppose 4*x + 3*w - 87 = 0, -2*w = -3*x + 3*w + 29. Calculate the greatest common factor of x and 9.
9
Suppose 4 = -2*v - 2*n + 30, 0 = 5*v - n - 53. Calculate the greatest common divisor of v and 1.
1
Suppose -3*w = 3*t + 12, 3*w = -t - 2*w. Let y(z) = z**2 - 7. Let c be y(t). Let j = 79 - 34. Calculate the highest common divisor of c and j.
9
Suppose 37 - 28 = u. What is the highest common factor of u and 126?
9
Let s(h) = -40*h + 8. Let t be s(-7). Let d = 0 + t. Let u = -134 + d. What is the greatest common factor of 14 and u?
14
Suppose -k - w = 8, -k - 3*w = -4*k - 18. Let u = k - -21. Calculate the greatest common factor of u and 28.
14
Let d(s) = s + 50. Let h be d(0). Calculate the greatest common factor of h and 10.
10
Let r(n) = -15*n + 5. Let j be r(-5). What is the highest common factor of j and 10?
10
Let z(v) = 69*v**3 - v + 1. Let i be z(1). Let u = 643 - 597. What is the highest common divisor of u and i?
23
Let b = 3 + 3. Let d be -32*(9/2)/(-3). What is the highest common divisor of d and b?
6
Suppose 12 = -2*i - 4*d, 19 = i - 3*d - 0. What is the highest common divisor of i and 4?
4
Let u be (2/(-4))/(2*(-4)/3072). What is the highest common factor of 12 and u?
12
Let u be -7 + (4 - 2 - 3). Let w = u + 6. Let f be (2 + w + 1)*24. What is the greatest common factor of f and 4?
4
Suppose -4*d = -12, -d - d - 18 = 2*r. Let l = 29 + r. What is the highest common factor of 187 and l?
17
Suppose 11 = 2*w - 3*i + 5, -3*w + 5*i = -9. Suppose 0 = -5*o + 7 + 38. What is the highest common divisor of w and o?
3
Let u = -215 - -233. Let h be (-9)/(-1 + -1 + 1). Calculate the highest common factor of u and h.
9
Suppose 0 = -0*y + 4*y - 12. Suppose -78 = r - y*r. Suppose -22 = -2*x + x + 2*t, 3*t = 5*x - 124. What is the highest common factor of x and r?
13
Let t(g) = g**2 - 3*g + 4. Let h be t(-3). Let k = -15 + h. Suppose -k*p + 25 = -2*p. Calculate the greatest common factor of 20 and p.
5
Suppose 4 + 36 = 5*p + 4*v, 2*p + 5*v - 33 = 0. Let w be (-1)/(p/(-39)